{"id":109,"date":"2020-08-21T09:43:09","date_gmt":"2020-08-21T09:43:09","guid":{"rendered":"https:\/\/www.amarantis.es\/?page_id=109"},"modified":"2020-12-02T17:17:36","modified_gmt":"2020-12-02T16:17:36","slug":"kelly-la-rubia","status":"publish","type":"page","link":"https:\/\/www.amarantis.es\/index.php\/nombres-con-historia\/kelly-la-rubia\/","title":{"rendered":"Kelly la Rubia"},"content":{"rendered":"\n<p>Kelly es una locuela adorable, que aprovecha cualquier momento para echarse una buena siesta.<\/p>\n\n\n\n<p>Lleg\u00f3 a la familia con 3 a\u00f1os, desde Troylo, donde un cazador tuvo la decencia de llevarla porque no le serv\u00eda para cazar. Por desgracia no todos los perros tienen la misma suerte.<\/p>\n\n\n\n<figure class=\"wp-block-image size-large\"><img loading=\"lazy\" decoding=\"async\" width=\"1024\" height=\"685\" src=\"https:\/\/www.amarantis.es\/wp-content\/uploads\/2020\/08\/IMG-20200716-WA0007-1024x685.jpg\" alt=\"\" class=\"wp-image-57\" srcset=\"https:\/\/www.amarantis.es\/wp-content\/uploads\/2020\/08\/IMG-20200716-WA0007-1024x685.jpg 1024w, https:\/\/www.amarantis.es\/wp-content\/uploads\/2020\/08\/IMG-20200716-WA0007-300x201.jpg 300w, https:\/\/www.amarantis.es\/wp-content\/uploads\/2020\/08\/IMG-20200716-WA0007-600x402.jpg 600w, https:\/\/www.amarantis.es\/wp-content\/uploads\/2020\/08\/IMG-20200716-WA0007-768x514.jpg 768w, https:\/\/www.amarantis.es\/wp-content\/uploads\/2020\/08\/IMG-20200716-WA0007-1536x1028.jpg 1536w, https:\/\/www.amarantis.es\/wp-content\/uploads\/2020\/08\/IMG-20200716-WA0007-900x602.jpg 900w, https:\/\/www.amarantis.es\/wp-content\/uploads\/2020\/08\/IMG-20200716-WA0007-1280x857.jpg 1280w, https:\/\/www.amarantis.es\/wp-content\/uploads\/2020\/08\/IMG-20200716-WA0007.jpg 1600w\" sizes=\"auto, (max-width: 1024px) 100vw, 1024px\" \/><figcaption>Kelly la Rubia<\/figcaption><\/figure>\n\n\n\n<p>En Troylo, donde conocen a los perros mejor que nadie y se desviven por ellos para encontrarles el mejor hogar posible, en seguida se dieron cuenta de que Kelly ser\u00eda la compa\u00f1era ideal para Gary, teniendo en cuenta las caracter\u00edsticas especiales de este y pensando que Kelly no le alborotar\u00eda demasiado. <\/p>\n\n\n\n<p>Acertaron. La Duquesita es incapaz de alborotarse ni a si misma.<\/p>\n\n\n\n<p>Desde el primer d\u00eda se hizo la due\u00f1a de la casa y del sof\u00e1, y ya no ha dejado de serlo, haciendo con todos nosotros lo que quiere.<\/p>\n\n\n\n<p>As\u00ed que ya sab\u00e9is, si se os pasa por la cabeza tener un nuevo compa\u00f1ero, no compr\u00e9is y adoptad, porque un perro no es un juguete.<\/p>\n\n\n\n<p><\/p>\n","protected":false},"excerpt":{"rendered":"<p>Kelly es una locuela adorable, que aprovecha cualquier momento para echarse una buena siesta. Lleg\u00f3 a la familia con 3 a\u00f1os, desde Troylo, donde un cazador tuvo la decencia de llevarla porque no le serv\u00eda para cazar. Por desgracia no todos los perros tienen la misma suerte. En Troylo, donde conocen a los perros mejor [&hellip;]<\/p>\n","protected":false},"author":1,"featured_media":146,"parent":28,"menu_order":1,"comment_status":"closed","ping_status":"closed","template":"","meta":{"footnotes":""},"class_list":["post-109","page","type-page","status-publish","has-post-thumbnail","hentry"],"yoast_head":"<!-- This site is optimized with the Yoast SEO plugin v27.2 - https:\/\/yoast.com\/product\/yoast-seo-wordpress\/ -->\n<title>Kelly la Rubia - Amarantis<\/title>\n<meta name=\"robots\" content=\"index, follow, max-snippet:-1, max-image-preview:large, max-video-preview:-1\" \/>\n<link rel=\"canonical\" href=\"https:\/\/www.amarantis.es\/index.php\/nombres-con-historia\/kelly-la-rubia\/\" \/>\n<meta property=\"og:locale\" content=\"es_ES\" \/>\n<meta property=\"og:type\" content=\"article\" \/>\n<meta property=\"og:title\" content=\"Kelly la Rubia - Amarantis\" \/>\n<meta property=\"og:description\" content=\"Kelly es una locuela adorable, que aprovecha cualquier momento para echarse una buena siesta. Lleg\u00f3 a la familia con 3 a\u00f1os, desde Troylo, donde un cazador tuvo la decencia de llevarla porque no le serv\u00eda para cazar. Por desgracia no todos los perros tienen la misma suerte. En Troylo, donde conocen a los perros mejor [&hellip;]\" \/>\n<meta property=\"og:url\" content=\"https:\/\/www.amarantis.es\/index.php\/nombres-con-historia\/kelly-la-rubia\/\" \/>\n<meta property=\"og:site_name\" content=\"Amarantis\" \/>\n<meta property=\"article:publisher\" content=\"https:\/\/www.facebook.com\/AmarantisCervezaArtesana\/\" \/>\n<meta property=\"article:modified_time\" content=\"2020-12-02T16:17:36+00:00\" \/>\n<meta property=\"og:image\" content=\"https:\/\/www.amarantis.es\/wp-content\/uploads\/2020\/08\/IMG_20200517_093910-1-scaled.jpg\" \/>\n\t<meta property=\"og:image:width\" content=\"2560\" \/>\n\t<meta property=\"og:image:height\" content=\"1918\" \/>\n\t<meta property=\"og:image:type\" content=\"image\/jpeg\" \/>\n<meta name=\"twitter:card\" content=\"summary_large_image\" \/>\n<meta name=\"twitter:site\" content=\"@amarantis_beer\" \/>\n<meta name=\"twitter:label1\" content=\"Tiempo de lectura\" \/>\n\t<meta name=\"twitter:data1\" content=\"1 minuto\" \/>\n<script type=\"application\/ld+json\" class=\"yoast-schema-graph\">{\"@context\":\"https:\/\/schema.org\",\"@graph\":[{\"@type\":\"WebPage\",\"@id\":\"https:\/\/www.amarantis.es\/index.php\/nombres-con-historia\/kelly-la-rubia\/\",\"url\":\"https:\/\/www.amarantis.es\/index.php\/nombres-con-historia\/kelly-la-rubia\/\",\"name\":\"Kelly la Rubia - Amarantis\",\"isPartOf\":{\"@id\":\"https:\/\/www.amarantis.es\/#website\"},\"primaryImageOfPage\":{\"@id\":\"https:\/\/www.amarantis.es\/index.php\/nombres-con-historia\/kelly-la-rubia\/#primaryimage\"},\"image\":{\"@id\":\"https:\/\/www.amarantis.es\/index.php\/nombres-con-historia\/kelly-la-rubia\/#primaryimage\"},\"thumbnailUrl\":\"https:\/\/www.amarantis.es\/wp-content\/uploads\/2020\/08\/IMG_20200517_093910-1-scaled.jpg\",\"datePublished\":\"2020-08-21T09:43:09+00:00\",\"dateModified\":\"2020-12-02T16:17:36+00:00\",\"breadcrumb\":{\"@id\":\"https:\/\/www.amarantis.es\/index.php\/nombres-con-historia\/kelly-la-rubia\/#breadcrumb\"},\"inLanguage\":\"es\",\"potentialAction\":[{\"@type\":\"ReadAction\",\"target\":[\"https:\/\/www.amarantis.es\/index.php\/nombres-con-historia\/kelly-la-rubia\/\"]}]},{\"@type\":\"ImageObject\",\"inLanguage\":\"es\",\"@id\":\"https:\/\/www.amarantis.es\/index.php\/nombres-con-historia\/kelly-la-rubia\/#primaryimage\",\"url\":\"https:\/\/www.amarantis.es\/wp-content\/uploads\/2020\/08\/IMG_20200517_093910-1-scaled.jpg\",\"contentUrl\":\"https:\/\/www.amarantis.es\/wp-content\/uploads\/2020\/08\/IMG_20200517_093910-1-scaled.jpg\",\"width\":2560,\"height\":1918},{\"@type\":\"BreadcrumbList\",\"@id\":\"https:\/\/www.amarantis.es\/index.php\/nombres-con-historia\/kelly-la-rubia\/#breadcrumb\",\"itemListElement\":[{\"@type\":\"ListItem\",\"position\":1,\"name\":\"Home\",\"item\":\"https:\/\/www.amarantis.es\/\"},{\"@type\":\"ListItem\",\"position\":2,\"name\":\"Nombres con Historia\",\"item\":\"https:\/\/www.amarantis.es\/index.php\/nombres-con-historia\/\"},{\"@type\":\"ListItem\",\"position\":3,\"name\":\"Kelly la Rubia\"}]},{\"@type\":\"WebSite\",\"@id\":\"https:\/\/www.amarantis.es\/#website\",\"url\":\"https:\/\/www.amarantis.es\/\",\"name\":\"Amarantis\",\"description\":\"Cerveza Artesana\",\"publisher\":{\"@id\":\"https:\/\/www.amarantis.es\/#organization\"},\"potentialAction\":[{\"@type\":\"SearchAction\",\"target\":{\"@type\":\"EntryPoint\",\"urlTemplate\":\"https:\/\/www.amarantis.es\/?s={search_term_string}\"},\"query-input\":{\"@type\":\"PropertyValueSpecification\",\"valueRequired\":true,\"valueName\":\"search_term_string\"}}],\"inLanguage\":\"es\"},{\"@type\":\"Organization\",\"@id\":\"https:\/\/www.amarantis.es\/#organization\",\"name\":\"Amarantis\",\"url\":\"https:\/\/www.amarantis.es\/\",\"logo\":{\"@type\":\"ImageObject\",\"inLanguage\":\"es\",\"@id\":\"https:\/\/www.amarantis.es\/#\/schema\/logo\/image\/\",\"url\":\"https:\/\/www.amarantis.es\/wp-content\/uploads\/2020\/08\/cropped-Logo-Amarantis-Cerveza-Artesana-alargado-1.jpg\",\"contentUrl\":\"https:\/\/www.amarantis.es\/wp-content\/uploads\/2020\/08\/cropped-Logo-Amarantis-Cerveza-Artesana-alargado-1.jpg\",\"width\":1200,\"height\":300,\"caption\":\"Amarantis\"},\"image\":{\"@id\":\"https:\/\/www.amarantis.es\/#\/schema\/logo\/image\/\"},\"sameAs\":[\"https:\/\/www.facebook.com\/AmarantisCervezaArtesana\/\",\"https:\/\/x.com\/amarantis_beer\",\"https:\/\/www.instagram.com\/amarantis_cerveza_artesana\/\"]}]}<\/script>\n<!-- \/ Yoast SEO plugin. -->","yoast_head_json":{"title":"Kelly la Rubia - Amarantis","robots":{"index":"index","follow":"follow","max-snippet":"max-snippet:-1","max-image-preview":"max-image-preview:large","max-video-preview":"max-video-preview:-1"},"canonical":"https:\/\/www.amarantis.es\/index.php\/nombres-con-historia\/kelly-la-rubia\/","og_locale":"es_ES","og_type":"article","og_title":"Kelly la Rubia - Amarantis","og_description":"Kelly es una locuela adorable, que aprovecha cualquier momento para echarse una buena siesta. Lleg\u00f3 a la familia con 3 a\u00f1os, desde Troylo, donde un cazador tuvo la decencia de llevarla porque no le serv\u00eda para cazar. Por desgracia no todos los perros tienen la misma suerte. En Troylo, donde conocen a los perros mejor [&hellip;]","og_url":"https:\/\/www.amarantis.es\/index.php\/nombres-con-historia\/kelly-la-rubia\/","og_site_name":"Amarantis","article_publisher":"https:\/\/www.facebook.com\/AmarantisCervezaArtesana\/","article_modified_time":"2020-12-02T16:17:36+00:00","og_image":[{"width":2560,"height":1918,"url":"https:\/\/www.amarantis.es\/wp-content\/uploads\/2020\/08\/IMG_20200517_093910-1-scaled.jpg","type":"image\/jpeg"}],"twitter_card":"summary_large_image","twitter_site":"@amarantis_beer","twitter_misc":{"Tiempo de lectura":"1 minuto"},"schema":{"@context":"https:\/\/schema.org","@graph":[{"@type":"WebPage","@id":"https:\/\/www.amarantis.es\/index.php\/nombres-con-historia\/kelly-la-rubia\/","url":"https:\/\/www.amarantis.es\/index.php\/nombres-con-historia\/kelly-la-rubia\/","name":"Kelly la Rubia - Amarantis","isPartOf":{"@id":"https:\/\/www.amarantis.es\/#website"},"primaryImageOfPage":{"@id":"https:\/\/www.amarantis.es\/index.php\/nombres-con-historia\/kelly-la-rubia\/#primaryimage"},"image":{"@id":"https:\/\/www.amarantis.es\/index.php\/nombres-con-historia\/kelly-la-rubia\/#primaryimage"},"thumbnailUrl":"https:\/\/www.amarantis.es\/wp-content\/uploads\/2020\/08\/IMG_20200517_093910-1-scaled.jpg","datePublished":"2020-08-21T09:43:09+00:00","dateModified":"2020-12-02T16:17:36+00:00","breadcrumb":{"@id":"https:\/\/www.amarantis.es\/index.php\/nombres-con-historia\/kelly-la-rubia\/#breadcrumb"},"inLanguage":"es","potentialAction":[{"@type":"ReadAction","target":["https:\/\/www.amarantis.es\/index.php\/nombres-con-historia\/kelly-la-rubia\/"]}]},{"@type":"ImageObject","inLanguage":"es","@id":"https:\/\/www.amarantis.es\/index.php\/nombres-con-historia\/kelly-la-rubia\/#primaryimage","url":"https:\/\/www.amarantis.es\/wp-content\/uploads\/2020\/08\/IMG_20200517_093910-1-scaled.jpg","contentUrl":"https:\/\/www.amarantis.es\/wp-content\/uploads\/2020\/08\/IMG_20200517_093910-1-scaled.jpg","width":2560,"height":1918},{"@type":"BreadcrumbList","@id":"https:\/\/www.amarantis.es\/index.php\/nombres-con-historia\/kelly-la-rubia\/#breadcrumb","itemListElement":[{"@type":"ListItem","position":1,"name":"Home","item":"https:\/\/www.amarantis.es\/"},{"@type":"ListItem","position":2,"name":"Nombres con Historia","item":"https:\/\/www.amarantis.es\/index.php\/nombres-con-historia\/"},{"@type":"ListItem","position":3,"name":"Kelly la Rubia"}]},{"@type":"WebSite","@id":"https:\/\/www.amarantis.es\/#website","url":"https:\/\/www.amarantis.es\/","name":"Amarantis","description":"Cerveza Artesana","publisher":{"@id":"https:\/\/www.amarantis.es\/#organization"},"potentialAction":[{"@type":"SearchAction","target":{"@type":"EntryPoint","urlTemplate":"https:\/\/www.amarantis.es\/?s={search_term_string}"},"query-input":{"@type":"PropertyValueSpecification","valueRequired":true,"valueName":"search_term_string"}}],"inLanguage":"es"},{"@type":"Organization","@id":"https:\/\/www.amarantis.es\/#organization","name":"Amarantis","url":"https:\/\/www.amarantis.es\/","logo":{"@type":"ImageObject","inLanguage":"es","@id":"https:\/\/www.amarantis.es\/#\/schema\/logo\/image\/","url":"https:\/\/www.amarantis.es\/wp-content\/uploads\/2020\/08\/cropped-Logo-Amarantis-Cerveza-Artesana-alargado-1.jpg","contentUrl":"https:\/\/www.amarantis.es\/wp-content\/uploads\/2020\/08\/cropped-Logo-Amarantis-Cerveza-Artesana-alargado-1.jpg","width":1200,"height":300,"caption":"Amarantis"},"image":{"@id":"https:\/\/www.amarantis.es\/#\/schema\/logo\/image\/"},"sameAs":["https:\/\/www.facebook.com\/AmarantisCervezaArtesana\/","https:\/\/x.com\/amarantis_beer","https:\/\/www.instagram.com\/amarantis_cerveza_artesana\/"]}]}},"_links":{"self":[{"href":"https:\/\/www.amarantis.es\/index.php\/wp-json\/wp\/v2\/pages\/109","targetHints":{"allow":["GET"]}}],"collection":[{"href":"https:\/\/www.amarantis.es\/index.php\/wp-json\/wp\/v2\/pages"}],"about":[{"href":"https:\/\/www.amarantis.es\/index.php\/wp-json\/wp\/v2\/types\/page"}],"author":[{"embeddable":true,"href":"https:\/\/www.amarantis.es\/index.php\/wp-json\/wp\/v2\/users\/1"}],"replies":[{"embeddable":true,"href":"https:\/\/www.amarantis.es\/index.php\/wp-json\/wp\/v2\/comments?post=109"}],"version-history":[{"count":10,"href":"https:\/\/www.amarantis.es\/index.php\/wp-json\/wp\/v2\/pages\/109\/revisions"}],"predecessor-version":[{"id":874,"href":"https:\/\/www.amarantis.es\/index.php\/wp-json\/wp\/v2\/pages\/109\/revisions\/874"}],"up":[{"embeddable":true,"href":"https:\/\/www.amarantis.es\/index.php\/wp-json\/wp\/v2\/pages\/28"}],"wp:featuredmedia":[{"embeddable":true,"href":"https:\/\/www.amarantis.es\/index.php\/wp-json\/wp\/v2\/media\/146"}],"wp:attachment":[{"href":"https:\/\/www.amarantis.es\/index.php\/wp-json\/wp\/v2\/media?parent=109"}],"curies":[{"name":"wp","href":"https:\/\/api.w.org\/{rel}","templated":true}]}}