{"id":127,"date":"2020-08-21T15:01:37","date_gmt":"2020-08-21T15:01:37","guid":{"rendered":"https:\/\/www.amarantis.es\/?page_id=127"},"modified":"2020-12-06T12:05:04","modified_gmt":"2020-12-06T11:05:04","slug":"jacinto-el-bicho","status":"publish","type":"page","link":"https:\/\/www.amarantis.es\/index.php\/nombres-con-historia\/jacinto-el-bicho\/","title":{"rendered":"Jacinto el Bicho"},"content":{"rendered":"\n<p>El perro m\u00e1s bueno del mundo, pero solo si \u00e9l quer\u00eda. Un car\u00e1cter muy especial que nos enamor\u00f3 desde el principio.<\/p>\n\n\n\n<p>El mismo d\u00eda que nos conocimos, en una perrera donde estaban a punto de sacrificarle, ya supimos que era tan especial como nosotros. Y a pesar de que nos advirtieron de su supuesto car\u00e1cter agresivo, decidimos darle una oportunidad y \u00e9l nos compens\u00f3 con creces.<\/p>\n\n\n\n<p>Un fiel compa\u00f1ero a lo largo de muchos a\u00f1os. Cari\u00f1oso como el que m\u00e1s e incansable en cualquier aventura.<\/p>\n\n\n\n<figure class=\"wp-block-image size-large is-resized\"><img loading=\"lazy\" decoding=\"async\" src=\"https:\/\/www.amarantis.es\/wp-content\/uploads\/2020\/08\/Jacinto.jpg\" alt=\"\" class=\"wp-image-107\" width=\"609\" height=\"440\" srcset=\"https:\/\/www.amarantis.es\/wp-content\/uploads\/2020\/08\/Jacinto.jpg 365w, https:\/\/www.amarantis.es\/wp-content\/uploads\/2020\/08\/Jacinto-300x217.jpg 300w\" sizes=\"auto, (max-width: 609px) 100vw, 609px\" \/><figcaption>Jacinto el Bicho<\/figcaption><\/figure>\n\n\n\n<p>Si no nos hubi\u00e9semos dejado llevar por nuestra intuici\u00f3n, \u00e9l habr\u00eda tenido un final horrible y nuestras vidas no habr\u00edan sido tan plenas como lo fueron junto a \u00e9l todos los a\u00f1os que compartimos.<\/p>\n\n\n\n<p>As\u00ed que haced siempre caso a vuestro coraz\u00f3n y as\u00ed no tendr\u00e9is de que arrepentiros.<\/p>\n\n\n\n<p><\/p>\n","protected":false},"excerpt":{"rendered":"<p>El perro m\u00e1s bueno del mundo, pero solo si \u00e9l quer\u00eda. Un car\u00e1cter muy especial que nos enamor\u00f3 desde el principio. El mismo d\u00eda que nos conocimos, en una perrera donde estaban a punto de sacrificarle, ya supimos que era tan especial como nosotros. Y a pesar de que nos advirtieron de su supuesto car\u00e1cter [&hellip;]<\/p>\n","protected":false},"author":1,"featured_media":947,"parent":28,"menu_order":3,"comment_status":"closed","ping_status":"closed","template":"","meta":{"footnotes":""},"class_list":["post-127","page","type-page","status-publish","has-post-thumbnail","hentry"],"yoast_head":"<!-- This site is optimized with the Yoast SEO plugin v27.2 - https:\/\/yoast.com\/product\/yoast-seo-wordpress\/ -->\n<title>Jacinto el Bicho - Amarantis<\/title>\n<meta name=\"robots\" content=\"index, follow, max-snippet:-1, max-image-preview:large, max-video-preview:-1\" \/>\n<link rel=\"canonical\" href=\"https:\/\/www.amarantis.es\/index.php\/nombres-con-historia\/jacinto-el-bicho\/\" \/>\n<meta property=\"og:locale\" content=\"es_ES\" \/>\n<meta property=\"og:type\" content=\"article\" \/>\n<meta property=\"og:title\" content=\"Jacinto el Bicho - Amarantis\" \/>\n<meta property=\"og:description\" content=\"El perro m\u00e1s bueno del mundo, pero solo si \u00e9l quer\u00eda. Un car\u00e1cter muy especial que nos enamor\u00f3 desde el principio. El mismo d\u00eda que nos conocimos, en una perrera donde estaban a punto de sacrificarle, ya supimos que era tan especial como nosotros. Y a pesar de que nos advirtieron de su supuesto car\u00e1cter [&hellip;]\" \/>\n<meta property=\"og:url\" content=\"https:\/\/www.amarantis.es\/index.php\/nombres-con-historia\/jacinto-el-bicho\/\" \/>\n<meta property=\"og:site_name\" content=\"Amarantis\" \/>\n<meta property=\"article:publisher\" content=\"https:\/\/www.facebook.com\/AmarantisCervezaArtesana\/\" \/>\n<meta property=\"article:modified_time\" content=\"2020-12-06T11:05:04+00:00\" \/>\n<meta property=\"og:image\" content=\"https:\/\/www.amarantis.es\/wp-content\/uploads\/2020\/12\/616189_4097003354777_502170735_o.jpg\" \/>\n\t<meta property=\"og:image:width\" content=\"976\" \/>\n\t<meta property=\"og:image:height\" content=\"728\" \/>\n\t<meta property=\"og:image:type\" content=\"image\/jpeg\" \/>\n<meta name=\"twitter:card\" content=\"summary_large_image\" \/>\n<meta name=\"twitter:site\" content=\"@amarantis_beer\" \/>\n<meta name=\"twitter:label1\" content=\"Tiempo de lectura\" \/>\n\t<meta name=\"twitter:data1\" content=\"1 minuto\" \/>\n<script type=\"application\/ld+json\" class=\"yoast-schema-graph\">{\"@context\":\"https:\/\/schema.org\",\"@graph\":[{\"@type\":\"WebPage\",\"@id\":\"https:\/\/www.amarantis.es\/index.php\/nombres-con-historia\/jacinto-el-bicho\/\",\"url\":\"https:\/\/www.amarantis.es\/index.php\/nombres-con-historia\/jacinto-el-bicho\/\",\"name\":\"Jacinto el Bicho - Amarantis\",\"isPartOf\":{\"@id\":\"https:\/\/www.amarantis.es\/#website\"},\"primaryImageOfPage\":{\"@id\":\"https:\/\/www.amarantis.es\/index.php\/nombres-con-historia\/jacinto-el-bicho\/#primaryimage\"},\"image\":{\"@id\":\"https:\/\/www.amarantis.es\/index.php\/nombres-con-historia\/jacinto-el-bicho\/#primaryimage\"},\"thumbnailUrl\":\"https:\/\/www.amarantis.es\/wp-content\/uploads\/2020\/12\/616189_4097003354777_502170735_o.jpg\",\"datePublished\":\"2020-08-21T15:01:37+00:00\",\"dateModified\":\"2020-12-06T11:05:04+00:00\",\"breadcrumb\":{\"@id\":\"https:\/\/www.amarantis.es\/index.php\/nombres-con-historia\/jacinto-el-bicho\/#breadcrumb\"},\"inLanguage\":\"es\",\"potentialAction\":[{\"@type\":\"ReadAction\",\"target\":[\"https:\/\/www.amarantis.es\/index.php\/nombres-con-historia\/jacinto-el-bicho\/\"]}]},{\"@type\":\"ImageObject\",\"inLanguage\":\"es\",\"@id\":\"https:\/\/www.amarantis.es\/index.php\/nombres-con-historia\/jacinto-el-bicho\/#primaryimage\",\"url\":\"https:\/\/www.amarantis.es\/wp-content\/uploads\/2020\/12\/616189_4097003354777_502170735_o.jpg\",\"contentUrl\":\"https:\/\/www.amarantis.es\/wp-content\/uploads\/2020\/12\/616189_4097003354777_502170735_o.jpg\",\"width\":976,\"height\":728},{\"@type\":\"BreadcrumbList\",\"@id\":\"https:\/\/www.amarantis.es\/index.php\/nombres-con-historia\/jacinto-el-bicho\/#breadcrumb\",\"itemListElement\":[{\"@type\":\"ListItem\",\"position\":1,\"name\":\"Home\",\"item\":\"https:\/\/www.amarantis.es\/\"},{\"@type\":\"ListItem\",\"position\":2,\"name\":\"Nombres con Historia\",\"item\":\"https:\/\/www.amarantis.es\/index.php\/nombres-con-historia\/\"},{\"@type\":\"ListItem\",\"position\":3,\"name\":\"Jacinto el Bicho\"}]},{\"@type\":\"WebSite\",\"@id\":\"https:\/\/www.amarantis.es\/#website\",\"url\":\"https:\/\/www.amarantis.es\/\",\"name\":\"Amarantis\",\"description\":\"Cerveza Artesana\",\"publisher\":{\"@id\":\"https:\/\/www.amarantis.es\/#organization\"},\"potentialAction\":[{\"@type\":\"SearchAction\",\"target\":{\"@type\":\"EntryPoint\",\"urlTemplate\":\"https:\/\/www.amarantis.es\/?s={search_term_string}\"},\"query-input\":{\"@type\":\"PropertyValueSpecification\",\"valueRequired\":true,\"valueName\":\"search_term_string\"}}],\"inLanguage\":\"es\"},{\"@type\":\"Organization\",\"@id\":\"https:\/\/www.amarantis.es\/#organization\",\"name\":\"Amarantis\",\"url\":\"https:\/\/www.amarantis.es\/\",\"logo\":{\"@type\":\"ImageObject\",\"inLanguage\":\"es\",\"@id\":\"https:\/\/www.amarantis.es\/#\/schema\/logo\/image\/\",\"url\":\"https:\/\/www.amarantis.es\/wp-content\/uploads\/2020\/08\/cropped-Logo-Amarantis-Cerveza-Artesana-alargado-1.jpg\",\"contentUrl\":\"https:\/\/www.amarantis.es\/wp-content\/uploads\/2020\/08\/cropped-Logo-Amarantis-Cerveza-Artesana-alargado-1.jpg\",\"width\":1200,\"height\":300,\"caption\":\"Amarantis\"},\"image\":{\"@id\":\"https:\/\/www.amarantis.es\/#\/schema\/logo\/image\/\"},\"sameAs\":[\"https:\/\/www.facebook.com\/AmarantisCervezaArtesana\/\",\"https:\/\/x.com\/amarantis_beer\",\"https:\/\/www.instagram.com\/amarantis_cerveza_artesana\/\"]}]}<\/script>\n<!-- \/ Yoast SEO plugin. -->","yoast_head_json":{"title":"Jacinto el Bicho - Amarantis","robots":{"index":"index","follow":"follow","max-snippet":"max-snippet:-1","max-image-preview":"max-image-preview:large","max-video-preview":"max-video-preview:-1"},"canonical":"https:\/\/www.amarantis.es\/index.php\/nombres-con-historia\/jacinto-el-bicho\/","og_locale":"es_ES","og_type":"article","og_title":"Jacinto el Bicho - Amarantis","og_description":"El perro m\u00e1s bueno del mundo, pero solo si \u00e9l quer\u00eda. Un car\u00e1cter muy especial que nos enamor\u00f3 desde el principio. El mismo d\u00eda que nos conocimos, en una perrera donde estaban a punto de sacrificarle, ya supimos que era tan especial como nosotros. Y a pesar de que nos advirtieron de su supuesto car\u00e1cter [&hellip;]","og_url":"https:\/\/www.amarantis.es\/index.php\/nombres-con-historia\/jacinto-el-bicho\/","og_site_name":"Amarantis","article_publisher":"https:\/\/www.facebook.com\/AmarantisCervezaArtesana\/","article_modified_time":"2020-12-06T11:05:04+00:00","og_image":[{"width":976,"height":728,"url":"https:\/\/www.amarantis.es\/wp-content\/uploads\/2020\/12\/616189_4097003354777_502170735_o.jpg","type":"image\/jpeg"}],"twitter_card":"summary_large_image","twitter_site":"@amarantis_beer","twitter_misc":{"Tiempo de lectura":"1 minuto"},"schema":{"@context":"https:\/\/schema.org","@graph":[{"@type":"WebPage","@id":"https:\/\/www.amarantis.es\/index.php\/nombres-con-historia\/jacinto-el-bicho\/","url":"https:\/\/www.amarantis.es\/index.php\/nombres-con-historia\/jacinto-el-bicho\/","name":"Jacinto el Bicho - Amarantis","isPartOf":{"@id":"https:\/\/www.amarantis.es\/#website"},"primaryImageOfPage":{"@id":"https:\/\/www.amarantis.es\/index.php\/nombres-con-historia\/jacinto-el-bicho\/#primaryimage"},"image":{"@id":"https:\/\/www.amarantis.es\/index.php\/nombres-con-historia\/jacinto-el-bicho\/#primaryimage"},"thumbnailUrl":"https:\/\/www.amarantis.es\/wp-content\/uploads\/2020\/12\/616189_4097003354777_502170735_o.jpg","datePublished":"2020-08-21T15:01:37+00:00","dateModified":"2020-12-06T11:05:04+00:00","breadcrumb":{"@id":"https:\/\/www.amarantis.es\/index.php\/nombres-con-historia\/jacinto-el-bicho\/#breadcrumb"},"inLanguage":"es","potentialAction":[{"@type":"ReadAction","target":["https:\/\/www.amarantis.es\/index.php\/nombres-con-historia\/jacinto-el-bicho\/"]}]},{"@type":"ImageObject","inLanguage":"es","@id":"https:\/\/www.amarantis.es\/index.php\/nombres-con-historia\/jacinto-el-bicho\/#primaryimage","url":"https:\/\/www.amarantis.es\/wp-content\/uploads\/2020\/12\/616189_4097003354777_502170735_o.jpg","contentUrl":"https:\/\/www.amarantis.es\/wp-content\/uploads\/2020\/12\/616189_4097003354777_502170735_o.jpg","width":976,"height":728},{"@type":"BreadcrumbList","@id":"https:\/\/www.amarantis.es\/index.php\/nombres-con-historia\/jacinto-el-bicho\/#breadcrumb","itemListElement":[{"@type":"ListItem","position":1,"name":"Home","item":"https:\/\/www.amarantis.es\/"},{"@type":"ListItem","position":2,"name":"Nombres con Historia","item":"https:\/\/www.amarantis.es\/index.php\/nombres-con-historia\/"},{"@type":"ListItem","position":3,"name":"Jacinto el Bicho"}]},{"@type":"WebSite","@id":"https:\/\/www.amarantis.es\/#website","url":"https:\/\/www.amarantis.es\/","name":"Amarantis","description":"Cerveza Artesana","publisher":{"@id":"https:\/\/www.amarantis.es\/#organization"},"potentialAction":[{"@type":"SearchAction","target":{"@type":"EntryPoint","urlTemplate":"https:\/\/www.amarantis.es\/?s={search_term_string}"},"query-input":{"@type":"PropertyValueSpecification","valueRequired":true,"valueName":"search_term_string"}}],"inLanguage":"es"},{"@type":"Organization","@id":"https:\/\/www.amarantis.es\/#organization","name":"Amarantis","url":"https:\/\/www.amarantis.es\/","logo":{"@type":"ImageObject","inLanguage":"es","@id":"https:\/\/www.amarantis.es\/#\/schema\/logo\/image\/","url":"https:\/\/www.amarantis.es\/wp-content\/uploads\/2020\/08\/cropped-Logo-Amarantis-Cerveza-Artesana-alargado-1.jpg","contentUrl":"https:\/\/www.amarantis.es\/wp-content\/uploads\/2020\/08\/cropped-Logo-Amarantis-Cerveza-Artesana-alargado-1.jpg","width":1200,"height":300,"caption":"Amarantis"},"image":{"@id":"https:\/\/www.amarantis.es\/#\/schema\/logo\/image\/"},"sameAs":["https:\/\/www.facebook.com\/AmarantisCervezaArtesana\/","https:\/\/x.com\/amarantis_beer","https:\/\/www.instagram.com\/amarantis_cerveza_artesana\/"]}]}},"_links":{"self":[{"href":"https:\/\/www.amarantis.es\/index.php\/wp-json\/wp\/v2\/pages\/127","targetHints":{"allow":["GET"]}}],"collection":[{"href":"https:\/\/www.amarantis.es\/index.php\/wp-json\/wp\/v2\/pages"}],"about":[{"href":"https:\/\/www.amarantis.es\/index.php\/wp-json\/wp\/v2\/types\/page"}],"author":[{"embeddable":true,"href":"https:\/\/www.amarantis.es\/index.php\/wp-json\/wp\/v2\/users\/1"}],"replies":[{"embeddable":true,"href":"https:\/\/www.amarantis.es\/index.php\/wp-json\/wp\/v2\/comments?post=127"}],"version-history":[{"count":8,"href":"https:\/\/www.amarantis.es\/index.php\/wp-json\/wp\/v2\/pages\/127\/revisions"}],"predecessor-version":[{"id":876,"href":"https:\/\/www.amarantis.es\/index.php\/wp-json\/wp\/v2\/pages\/127\/revisions\/876"}],"up":[{"embeddable":true,"href":"https:\/\/www.amarantis.es\/index.php\/wp-json\/wp\/v2\/pages\/28"}],"wp:featuredmedia":[{"embeddable":true,"href":"https:\/\/www.amarantis.es\/index.php\/wp-json\/wp\/v2\/media\/947"}],"wp:attachment":[{"href":"https:\/\/www.amarantis.es\/index.php\/wp-json\/wp\/v2\/media?parent=127"}],"curies":[{"name":"wp","href":"https:\/\/api.w.org\/{rel}","templated":true}]}}